311, 1297
What are the prime factors of 1629790007?
1629790007
List the prime factors of 2096618876.
2, 11, 331, 359, 401
What are the prime factors of 298105973?
11, 53, 163, 3137
What are the prime factors of 173588786?
2, 7, 12399199
What are the prime factors of 3337982152?
2, 417247769
What are the prime factors of 12383113?
12383113
What are the prime factors of 111118617?
3, 12346513
What are the prime factors of 7350922993?
7350922993
What are the prime factors of 44083510?
2, 5, 1543, 2857
List the prime factors of 262518063.
3, 17, 29, 53, 197
What are the prime factors of 2779079021?
35747, 77743
What are the prime factors of 27597816?
2, 3, 383303
List the prime factors of 34390425.
3, 5, 137, 3347
What are the prime factors of 71700099?
3, 131, 182443
List the prime factors of 927586559.
37, 25069907
List the prime factors of 324799001.
3469, 93629
What are the prime factors of 2820833976?
2, 3, 71, 1655419
What are the prime factors of 141508046?
2, 2423, 29201
List the prime factors of 53830838.
2, 19, 1416601
List the prime factors of 40318527.
3, 47, 269, 1063
What are the prime factors of 2497913387?
43, 58091009
What are the prime factors of 58110686?
2, 2381, 12203
List the prime factors of 4639146207.
3, 23, 67234003
What are the prime factors of 518401594?
2, 259200797
What are the prime factors of 54243573?
3, 883, 20477
What are the prime factors of 29849784?
2, 3, 1243741
What are the prime factors of 473756756?
2, 11, 31, 347329
What are the prime factors of 256561185?
3, 5, 163, 104933
List the prime factors of 44078095.
5, 1499, 5881
What are the prime factors of 332751560?
2, 5, 19, 367, 1193
What are the prime factors of 1144527773?
1144527773
What are the prime factors of 3308439752?
2, 19, 4463, 4877
What are the prime factors of 463308687?
3, 17159581
List the prime factors of 1518182284.
2, 1847, 205493
What are the prime factors of 397980726?
2, 3, 11, 13, 19, 24413
List the prime factors of 722901999.
3, 17, 223, 3739
List the prime factors of 1623931886.
2, 709, 1145227
What are the prime factors of 121694121?
3, 29, 466261
What are the prime factors of 72552073?
11, 17, 383, 1013
List the prime factors of 241420057.
241420057
What are the prime factors of 8977787679?
3, 7, 19, 22500721
List the prime factors of 93489547.
3313, 28219
What are the prime factors of 828914291?
828914291
What are the prime factors of 2268446055?
3, 5, 151229737
What are the prime factors of 49162939?
7, 769, 9133
What are the prime factors of 861578165?
5, 7, 24616519
List the prime factors of 162314063.
859, 188957
What are the prime factors of 1408580641?
13, 509, 212873
What are the prime factors of 786411744?
2, 3, 157, 52177
List the prime factors of 1861319567.
89, 2557, 8179
What are the prime factors of 2361811688?
2, 295226461
List the prime factors of 767359.
767359
List the prime factors of 304915474.
2, 152457737
List the prime factors of 95817412.
2, 3767, 6359
List the prime factors of 12718677.
3, 67, 63277
What are the prime factors of 128453379?
3, 967, 44279
What are the prime factors of 4100206944?
2, 3, 42710489
List the prime factors of 594359984.
2, 17, 241, 9067
What are the prime factors of 37342090?
2, 5, 97, 137, 281
What are the prime factors of 4957959?
3, 223, 7411
List the prime factors of 1005539164.
2, 7, 35912113
What are the prime factors of 21337118?
2, 11, 969869
List the prime factors of 326960721.
3, 19, 193, 9907
What are the prime factors of 79586257?
139, 337, 1699
What are the prime factors of 790768022?
2, 11, 17, 43, 49171
What are the prime factors of 380540074?
2, 1381, 137777
List the prime factors of 143978695.
5, 7, 17, 241981
List the prime factors of 5354708.
2, 107, 12511
What are the prime factors of 2917922895?
3, 5, 31, 379, 5519
What are the prime factors of 682522331?
331, 2062001
List the prime factors of 253391080.
2, 5, 647, 9791
What are the prime factors of 124003610?
2, 5, 17, 223, 3271
What are the prime factors of 202731258?
2, 3, 31, 577, 1889
List the prime factors of 33058963.
7, 4722709
What are the prime factors of 463947174?
2, 3, 1217, 21179
List the prime factors of 18071306.
2, 11, 17, 211, 229
What are the prime factors of 899608819?
2467, 364657
What are the prime factors of 435145571?
7, 229, 353, 769
What are the prime factors of 2857410390?
2, 3, 5, 107, 890159
What are the prime factors of 269058864?
2, 3, 17, 329729
What are the prime factors of 1617426017?
107, 163, 92737
List the prime factors of 2064707232.
2, 3, 7, 3072481
What are the prime factors of 38872651?
19, 2045929
List the prime factors of 1010173293.
3, 41, 2737597
List the prime factors of 1035230671.
107, 9675053
List the prime factors of 91224402.
2, 3, 61, 281, 887
What are the prime factors of 507953190?
2, 3, 5, 311, 54443
List the prime factors of 235201897.
7, 33600271
What are the prime factors of 1357281292?
2, 17, 19960019
List the prime factors of 471868026.
2, 3, 7, 131, 139, 617
What are the prime factors of 146993474?
2, 73496737
What are the prime factors of 42643948?
2, 1049, 10163
List the prime factors of 878548520.
2, 5, 21963713
List the prime factors of 147759944.
2, 37, 499189
What are the prime factors of 3314905330?
2, 5, 11, 31, 972113
What are the prime factors of 6461821?
6461821
What are the prime factors of 60636207?
3, 887, 22787
List the prime factors of 573351765.
3, 5, 7, 5460493
List the prime factors of 66315561.
3, 13, 53, 32083
List the prime factors of 8469549899.
359, 23592061
List the prime factors of 137819812.
2, 13, 2650381
List the prime factors of 1983766962.
2, 3, 389, 849943
List the prime factors of 237652.
2, 19, 53, 59
List the prime factors of 1285444987.
17, 53, 83, 17189
What are the prime factors of 34870748?
2, 11, 72047
List the prime factors of 60350091.
3, 23, 874639
What are the prime factors of 536725131?
3, 79, 211, 10733
What are the prime factors of 54788119?
54788119
List the prime factors of 1555555294.
2, 4759, 163433
What are the prime factors of 140782084?
2, 1231, 28591
List the prime factors of 50715849.
3, 89, 189947
What are the prime factors of 43483394?
2, 907, 23971
What are the prime factors of 640543953?
3, 7, 43, 709351
List the prime factors of 128623419.
3, 14291491
What are the prime factors of 372827426?
2, 186413713
What are the prime factors of 223775714?
2, 111887857
List the prime factors of 332935964.
2, 103, 808097
List the prime factors of 78521372.
2, 19630343
What are the prime factors of 255792457?
255792457
List the prime factors of 2393442.
2, 3, 127, 349
List the prime factors of 17430558.
2, 3, 2905093
What are the prime factors of 74002803?
3, 7, 71, 49633
List the prime factors of 127245875.
5, 547, 1861
What are the prime factors of 2308552365?
3, 5, 7, 73, 301181
What are the prime factors of 13727587?
13727587
List the prime factors of 201190094.
2, 7, 709, 20269
What are the prime factors of 1921056209?
23, 83524183
What are the prime factors of 1649160775?
5, 65966431
List the prime factors of 111595219.
29, 37, 104003
List the prime factors of 3541453932.
2, 3, 295121161
List the prime factors of 2528961233.
419, 6035707
List the prime factors of 111938405.
5, 19, 29, 41, 991
What are the prime factors of 563870280?
2, 3, 5, 17, 47, 5881
What are the prime factors of 1000054389?
3, 31, 37, 163, 1783
List the prime factors of 619057731.
3, 113, 1826129
What are the prime factors of 301508290?
2, 5, 47, 59, 83, 131
List the prime factors of 5175104769.
3, 191670547
What are the prime factors of 7235924591?
7, 17, 23, 2643743
What are the prime factors of 2050803338?
2, 743, 1380083
List the prime factors of 3576106287.
3, 13, 277, 36781
List the prime factors of 964875441.
3, 53, 6068399
What are the prime factors of 17768598?
2, 3, 2961433
What are the prime factors of 1046826320?
2, 5, 53, 149, 1657
What are the prime factors of 1148339314?
2, 8761, 65537
What are the prime factors of 23426160?
2, 3, 5, 97609
What are the prime factors of 307687545?
3, 5, 11, 207197
List the prime factors of 388742837.
7, 929, 59779
What are the prime factors of 91021992?
2, 3, 349, 10867
What are the prime factors of 89850971?
7, 1303, 9851
List the prime factors of 2282996924.
2, 13, 439037